{"id":133,"date":"2020-09-15T06:48:15","date_gmt":"2020-09-15T06:48:15","guid":{"rendered":"https:\/\/www.bravoturkey.com\/home\/"},"modified":"2023-04-25T12:41:13","modified_gmt":"2023-04-25T12:41:13","slug":"home","status":"publish","type":"page","link":"https:\/\/www.bravoturkey.com\/","title":{"rendered":"Home"},"content":{"rendered":"\n<div class=\"wp-block-cover alignfull is-light\" style=\"min-height:750px;aspect-ratio:unset;\"><span aria-hidden=\"true\" class=\"wp-block-cover__gradient-background has-background-dim\" style=\"background-color:#000000\"><\/span><video class=\"wp-block-cover__video-background intrinsic-ignore\" autoplay muted loop playsinline src=\"https:\/\/www.bravoturkey.com\/wp-content\/uploads\/2022\/02\/header.mp4\" data-object-fit=\"cover\"><\/video><div class=\"wp-block-cover__inner-container is-layout-flow wp-block-cover-is-layout-flow\">\n<h3 class=\"has-text-align-center has-text-color wp-block-heading\" id=\"explore-the-colourful-world\" style=\"color:#ffffff\">Explore The Colourful World<\/h3>\n\n\n\n<hr class=\"wp-block-separator has-text-color has-css-opacity has-background aligncenter\"\/>\n\n\n\n<h1 class=\"has-text-align-center has-text-color wp-block-heading\" id=\"a-wonderful-gift\" style=\"color:#ffffff\">A WONDERFUL GIFT<\/h1>\n\n\n\n<div class=\"wp-block-buttons is-horizontal is-content-justification-center is-layout-flex wp-container-core-buttons-is-layout-03627597 wp-block-buttons-is-layout-flex\">\n<div class=\"wp-block-button is-style-fill\"><a class=\"wp-block-button__link\" href=\"https:\/\/www.bravoturkey.com\/?page_id=130\">LEARN MORE<\/a><\/div>\n<\/div>\n<\/div><\/div>\n\n\n\n<p><\/p>\n\n\n\n<div class=\"inherit-container-width wp-block-group alignfull has-ast-global-color-5-background-color has-background is-layout-constrained wp-block-group-is-layout-constrained\"><div class=\"wp-block-group__inner-container\">\n<h2 class=\"has-text-align-center wp-block-heading\" id=\"destinations\">DestInatIons<\/h2>\n\n\n\n<div class=\"wp-block-columns alignwide is-layout-flex wp-container-core-columns-is-layout-28f84493 wp-block-columns-is-layout-flex\">\n<div class=\"wp-block-column is-layout-flow wp-block-column-is-layout-flow\">\n<div class=\"wp-block-image size-large\"><figure class=\"aligncenter\"><img loading=\"lazy\" decoding=\"async\" width=\"1024\" height=\"576\" src=\"http:\/\/localhost\/wp-content\/uploads\/2022\/02\/kapadokya-1024x576.jpg\" alt=\"cappadocia\" class=\"wp-image-214\" srcset=\"https:\/\/www.bravoturkey.com\/wp-content\/uploads\/2022\/02\/kapadokya-1024x576.jpg 1024w, https:\/\/www.bravoturkey.com\/wp-content\/uploads\/2022\/02\/kapadokya-300x169.jpg 300w, https:\/\/www.bravoturkey.com\/wp-content\/uploads\/2022\/02\/kapadokya-768x432.jpg 768w, https:\/\/www.bravoturkey.com\/wp-content\/uploads\/2022\/02\/kapadokya-1536x864.jpg 1536w, https:\/\/www.bravoturkey.com\/wp-content\/uploads\/2022\/02\/kapadokya.jpg 1920w\" sizes=\"auto, (max-width: 1024px) 100vw, 1024px\" \/><\/figure><\/div>\n\n\n\n<h5 class=\"has-text-align-center has-ast-global-color-5-color has-ast-global-color-1-background-color has-text-color has-background wp-block-heading\"><a href=\"http:\/\/bravoturkey.com\/?p=380\" data-type=\"URL\">CAPPADOCIA<\/a><\/h5>\n<\/div>\n\n\n\n<div class=\"wp-block-column is-layout-flow wp-block-column-is-layout-flow\">\n<div class=\"wp-block-image size-large\"><figure class=\"aligncenter\"><img loading=\"lazy\" decoding=\"async\" width=\"1024\" height=\"576\" src=\"http:\/\/localhost\/wp-content\/uploads\/2022\/02\/antalya-1024x576.jpg\" alt=\"antalya\" class=\"wp-image-215\" srcset=\"https:\/\/www.bravoturkey.com\/wp-content\/uploads\/2022\/02\/antalya-1024x576.jpg 1024w, https:\/\/www.bravoturkey.com\/wp-content\/uploads\/2022\/02\/antalya-300x169.jpg 300w, https:\/\/www.bravoturkey.com\/wp-content\/uploads\/2022\/02\/antalya-768x432.jpg 768w, https:\/\/www.bravoturkey.com\/wp-content\/uploads\/2022\/02\/antalya-1536x864.jpg 1536w, https:\/\/www.bravoturkey.com\/wp-content\/uploads\/2022\/02\/antalya.jpg 1920w\" sizes=\"auto, (max-width: 1024px) 100vw, 1024px\" \/><\/figure><\/div>\n\n\n\n<h5 class=\"has-text-align-center has-ast-global-color-5-color has-ast-global-color-1-background-color has-text-color has-background wp-block-heading\"><a href=\"http:\/\/bravoturkey.com\/?p=382\">ANTALYA<\/a><\/h5>\n<\/div>\n\n\n\n<div class=\"wp-block-column is-layout-flow wp-block-column-is-layout-flow\">\n<div class=\"wp-block-image size-large\"><figure class=\"aligncenter\"><img loading=\"lazy\" decoding=\"async\" width=\"1024\" height=\"576\" src=\"http:\/\/localhost\/wp-content\/uploads\/2022\/02\/bodrum-1024x576.jpg\" alt=\"bodrum\" class=\"wp-image-216\" srcset=\"https:\/\/www.bravoturkey.com\/wp-content\/uploads\/2022\/02\/bodrum-1024x576.jpg 1024w, https:\/\/www.bravoturkey.com\/wp-content\/uploads\/2022\/02\/bodrum-300x169.jpg 300w, https:\/\/www.bravoturkey.com\/wp-content\/uploads\/2022\/02\/bodrum-768x432.jpg 768w, https:\/\/www.bravoturkey.com\/wp-content\/uploads\/2022\/02\/bodrum-1536x864.jpg 1536w, https:\/\/www.bravoturkey.com\/wp-content\/uploads\/2022\/02\/bodrum.jpg 1920w\" sizes=\"auto, (max-width: 1024px) 100vw, 1024px\" \/><\/figure><\/div>\n\n\n\n<h5 class=\"has-text-align-center has-ast-global-color-5-color has-ast-global-color-1-background-color has-text-color has-background wp-block-heading\"><a href=\"http:\/\/bravoturkey.com\/?p=384\">BODRUM<\/a><\/h5>\n<\/div>\n<\/div>\n\n\n\n<div class=\"wp-block-columns alignwide is-layout-flex wp-container-core-columns-is-layout-28f84493 wp-block-columns-is-layout-flex\">\n<div class=\"wp-block-column is-layout-flow wp-block-column-is-layout-flow\">\n<div class=\"wp-block-image size-large\"><figure class=\"aligncenter\"><img loading=\"lazy\" decoding=\"async\" width=\"1024\" height=\"576\" src=\"http:\/\/localhost\/wp-content\/uploads\/2022\/06\/c8gdokjmjwu-e1654168329468-1024x576.jpg\" alt=\"izmir\" class=\"wp-image-493\" srcset=\"https:\/\/www.bravoturkey.com\/wp-content\/uploads\/2022\/06\/c8gdokjmjwu-e1654168329468-1024x576.jpg 1024w, https:\/\/www.bravoturkey.com\/wp-content\/uploads\/2022\/06\/c8gdokjmjwu-e1654168329468-300x169.jpg 300w, https:\/\/www.bravoturkey.com\/wp-content\/uploads\/2022\/06\/c8gdokjmjwu-e1654168329468-768x432.jpg 768w, https:\/\/www.bravoturkey.com\/wp-content\/uploads\/2022\/06\/c8gdokjmjwu-e1654168329468-1536x864.jpg 1536w, https:\/\/www.bravoturkey.com\/wp-content\/uploads\/2022\/06\/c8gdokjmjwu-e1654168329468.jpg 1600w\" sizes=\"auto, (max-width: 1024px) 100vw, 1024px\" \/><\/figure><\/div>\n\n\n\n<h5 class=\"has-text-align-center has-ast-global-color-5-color has-ast-global-color-1-background-color has-text-color has-background wp-block-heading\"><a href=\"http:\/\/bravoturkey.com\/?p=386\">\u0130ZM\u0130R<\/a><\/h5>\n<\/div>\n\n\n\n<div class=\"wp-block-column is-layout-flow wp-block-column-is-layout-flow\">\n<div class=\"wp-block-image size-large\"><figure class=\"aligncenter\"><img loading=\"lazy\" decoding=\"async\" width=\"1024\" height=\"557\" src=\"http:\/\/localhost\/wp-content\/uploads\/2022\/02\/istanbul-1024x557.jpg\" alt=\"istanbul\" class=\"wp-image-358\" srcset=\"https:\/\/www.bravoturkey.com\/wp-content\/uploads\/2022\/02\/istanbul-1024x557.jpg 1024w, https:\/\/www.bravoturkey.com\/wp-content\/uploads\/2022\/02\/istanbul-300x163.jpg 300w, https:\/\/www.bravoturkey.com\/wp-content\/uploads\/2022\/02\/istanbul-768x418.jpg 768w, https:\/\/www.bravoturkey.com\/wp-content\/uploads\/2022\/02\/istanbul-1536x835.jpg 1536w, https:\/\/www.bravoturkey.com\/wp-content\/uploads\/2022\/02\/istanbul-2048x1114.jpg 2048w\" sizes=\"auto, (max-width: 1024px) 100vw, 1024px\" \/><\/figure><\/div>\n\n\n\n<h5 class=\"has-text-align-center has-ast-global-color-5-color has-ast-global-color-1-background-color has-text-color has-background wp-block-heading\"><a href=\"http:\/\/bravoturkey.com\/?p=388\">\u0130STANBUL<\/a><\/h5>\n<\/div>\n\n\n\n<div class=\"wp-block-column is-layout-flow wp-block-column-is-layout-flow\">\n<div class=\"wp-block-image size-large\"><figure class=\"aligncenter\"><img loading=\"lazy\" decoding=\"async\" width=\"1024\" height=\"597\" src=\"http:\/\/localhost\/wp-content\/uploads\/2022\/02\/pamukkale-1024x597.jpg\" alt=\"pamukkale\" class=\"wp-image-344\" srcset=\"https:\/\/www.bravoturkey.com\/wp-content\/uploads\/2022\/02\/pamukkale-1024x597.jpg 1024w, https:\/\/www.bravoturkey.com\/wp-content\/uploads\/2022\/02\/pamukkale-300x175.jpg 300w, https:\/\/www.bravoturkey.com\/wp-content\/uploads\/2022\/02\/pamukkale-768x448.jpg 768w, https:\/\/www.bravoturkey.com\/wp-content\/uploads\/2022\/02\/pamukkale-1536x895.jpg 1536w, https:\/\/www.bravoturkey.com\/wp-content\/uploads\/2022\/02\/pamukkale.jpg 1920w\" sizes=\"auto, (max-width: 1024px) 100vw, 1024px\" \/><\/figure><\/div>\n\n\n\n<h5 class=\"has-text-align-center has-ast-global-color-5-color has-ast-global-color-1-background-color has-text-color has-background wp-block-heading\"><a href=\"http:\/\/bravoturkey.com\/?p=390\">PAMUKKALE<\/a><\/h5>\n<\/div>\n\n\n\n<div class=\"wp-block-column is-layout-flow wp-block-column-is-layout-flow\">\n<div class=\"wp-block-image size-large\"><figure class=\"aligncenter\"><img loading=\"lazy\" decoding=\"async\" width=\"1024\" height=\"575\" src=\"http:\/\/localhost\/wp-content\/uploads\/2022\/02\/fethiye-1024x575.jpg\" alt=\"fethiye\" class=\"wp-image-361\" srcset=\"https:\/\/www.bravoturkey.com\/wp-content\/uploads\/2022\/02\/fethiye-1024x575.jpg 1024w, https:\/\/www.bravoturkey.com\/wp-content\/uploads\/2022\/02\/fethiye-300x169.jpg 300w, https:\/\/www.bravoturkey.com\/wp-content\/uploads\/2022\/02\/fethiye-768x432.jpg 768w, https:\/\/www.bravoturkey.com\/wp-content\/uploads\/2022\/02\/fethiye-1536x863.jpg 1536w, https:\/\/www.bravoturkey.com\/wp-content\/uploads\/2022\/02\/fethiye-2048x1151.jpg 2048w\" sizes=\"auto, (max-width: 1024px) 100vw, 1024px\" \/><\/figure><\/div>\n\n\n\n<h5 class=\"has-text-align-center has-ast-global-color-5-color has-ast-global-color-1-background-color has-text-color has-background wp-block-heading\"><a href=\"http:\/\/bravoturkey.com\/?p=392\">FETH\u0130YE<\/a><\/h5>\n<\/div>\n<\/div>\n\n\n\n<div class=\"wp-block-columns alignwide is-layout-flex wp-container-core-columns-is-layout-28f84493 wp-block-columns-is-layout-flex\">\n<div class=\"wp-block-column is-layout-flow wp-block-column-is-layout-flow\">\n<div class=\"wp-block-image size-large\"><figure class=\"aligncenter\"><img loading=\"lazy\" decoding=\"async\" width=\"1024\" height=\"579\" src=\"http:\/\/localhost\/wp-content\/uploads\/2022\/06\/1042341406_0_0_860_486_1920x0_80_0_0_f00f6a745435209e91d8353f65c01ebf-1024x579.jpg\" alt=\"pergamon\" class=\"wp-image-481\" srcset=\"https:\/\/www.bravoturkey.com\/wp-content\/uploads\/2022\/06\/1042341406_0_0_860_486_1920x0_80_0_0_f00f6a745435209e91d8353f65c01ebf-1024x579.jpg 1024w, https:\/\/www.bravoturkey.com\/wp-content\/uploads\/2022\/06\/1042341406_0_0_860_486_1920x0_80_0_0_f00f6a745435209e91d8353f65c01ebf-300x170.jpg 300w, https:\/\/www.bravoturkey.com\/wp-content\/uploads\/2022\/06\/1042341406_0_0_860_486_1920x0_80_0_0_f00f6a745435209e91d8353f65c01ebf-768x434.jpg 768w, https:\/\/www.bravoturkey.com\/wp-content\/uploads\/2022\/06\/1042341406_0_0_860_486_1920x0_80_0_0_f00f6a745435209e91d8353f65c01ebf-1536x868.jpg 1536w, https:\/\/www.bravoturkey.com\/wp-content\/uploads\/2022\/06\/1042341406_0_0_860_486_1920x0_80_0_0_f00f6a745435209e91d8353f65c01ebf.jpg 1920w\" sizes=\"auto, (max-width: 1024px) 100vw, 1024px\" \/><\/figure><\/div>\n\n\n\n<h5 class=\"has-text-align-center has-ast-global-color-5-color has-ast-global-color-1-background-color has-text-color has-background wp-block-heading\"><a href=\"http:\/\/bravoturkey.com\/?p=424\">PERGAMON<\/a><\/h5>\n<\/div>\n\n\n\n<div class=\"wp-block-column is-layout-flow wp-block-column-is-layout-flow\">\n<div class=\"wp-block-image size-large\"><figure class=\"aligncenter\"><img loading=\"lazy\" decoding=\"async\" width=\"1024\" height=\"577\" src=\"http:\/\/localhost\/wp-content\/uploads\/2022\/06\/troy-1024x577.jpg\" alt=\"troia\" class=\"wp-image-473\" srcset=\"https:\/\/www.bravoturkey.com\/wp-content\/uploads\/2022\/06\/troy-1024x577.jpg 1024w, https:\/\/www.bravoturkey.com\/wp-content\/uploads\/2022\/06\/troy-300x169.jpg 300w, https:\/\/www.bravoturkey.com\/wp-content\/uploads\/2022\/06\/troy-768x433.jpg 768w, https:\/\/www.bravoturkey.com\/wp-content\/uploads\/2022\/06\/troy-1536x866.jpg 1536w, https:\/\/www.bravoturkey.com\/wp-content\/uploads\/2022\/06\/troy.jpg 1920w\" sizes=\"auto, (max-width: 1024px) 100vw, 1024px\" \/><\/figure><\/div>\n\n\n\n<h5 class=\"has-text-align-center has-ast-global-color-5-color has-ast-global-color-1-background-color has-text-color has-background wp-block-heading\"><a href=\"http:\/\/bravoturkey.com\/?p=430\">TROIA<\/a><\/h5>\n<\/div>\n\n\n\n<div class=\"wp-block-column is-layout-flow wp-block-column-is-layout-flow\">\n<div class=\"wp-block-image size-large\"><figure class=\"aligncenter\"><img loading=\"lazy\" decoding=\"async\" width=\"1024\" height=\"576\" src=\"http:\/\/localhost\/wp-content\/uploads\/2022\/06\/upload_5ea4977f8b3bf-1024x576.jpg\" alt=\"ephesus\" class=\"wp-image-485\" srcset=\"https:\/\/www.bravoturkey.com\/wp-content\/uploads\/2022\/06\/upload_5ea4977f8b3bf-1024x576.jpg 1024w, https:\/\/www.bravoturkey.com\/wp-content\/uploads\/2022\/06\/upload_5ea4977f8b3bf-300x169.jpg 300w, https:\/\/www.bravoturkey.com\/wp-content\/uploads\/2022\/06\/upload_5ea4977f8b3bf-768x432.jpg 768w, https:\/\/www.bravoturkey.com\/wp-content\/uploads\/2022\/06\/upload_5ea4977f8b3bf-1536x864.jpg 1536w, https:\/\/www.bravoturkey.com\/wp-content\/uploads\/2022\/06\/upload_5ea4977f8b3bf.jpg 1920w\" sizes=\"auto, (max-width: 1024px) 100vw, 1024px\" \/><\/figure><\/div>\n\n\n\n<h5 class=\"has-text-align-center has-ast-global-color-5-color has-ast-global-color-1-background-color has-text-color has-background wp-block-heading\"><a href=\"http:\/\/bravoturkey.com\/?p=419\">EPHESUS<\/a><\/h5>\n<\/div>\n\n\n\n<div class=\"wp-block-column is-layout-flow wp-block-column-is-layout-flow\">\n<div class=\"wp-block-image size-large\"><figure class=\"aligncenter\"><img loading=\"lazy\" decoding=\"async\" width=\"1024\" height=\"576\" src=\"http:\/\/localhost\/wp-content\/uploads\/2022\/06\/wasxntcga3o-1-e1654168755897-1024x576.jpg\" alt=\"marmaris\" class=\"wp-image-498\" srcset=\"https:\/\/www.bravoturkey.com\/wp-content\/uploads\/2022\/06\/wasxntcga3o-1-e1654168755897-1024x576.jpg 1024w, https:\/\/www.bravoturkey.com\/wp-content\/uploads\/2022\/06\/wasxntcga3o-1-e1654168755897-300x169.jpg 300w, https:\/\/www.bravoturkey.com\/wp-content\/uploads\/2022\/06\/wasxntcga3o-1-e1654168755897-768x432.jpg 768w, https:\/\/www.bravoturkey.com\/wp-content\/uploads\/2022\/06\/wasxntcga3o-1-e1654168755897-1536x864.jpg 1536w, https:\/\/www.bravoturkey.com\/wp-content\/uploads\/2022\/06\/wasxntcga3o-1-e1654168755897.jpg 1600w\" sizes=\"auto, (max-width: 1024px) 100vw, 1024px\" \/><\/figure><\/div>\n\n\n\n<h5 class=\"has-text-align-center has-ast-global-color-5-color has-ast-global-color-1-background-color has-text-color has-background wp-block-heading\"><a href=\"http:\/\/bravoturkey.com\/?p=435\">MARMARIS<\/a><\/h5>\n<\/div>\n<\/div>\n<\/div><\/div>\n\n\n\n<p><\/p>\n\n\n\n<div class=\"wp-block-cover alignfull is-light has-parallax\" style=\"background-image:url(https:\/\/www.bravoturkey.com\/wp-content\/uploads\/2020\/09\/section-bg-img.jpg);min-height:600px;aspect-ratio:unset;\"><span aria-hidden=\"true\" class=\"wp-block-cover__gradient-background has-background-dim\" style=\"background-color:#000000\"><\/span><div class=\"wp-block-cover__inner-container is-layout-flow wp-block-cover-is-layout-flow\">\n<div class=\"wp-block-columns alignwide are-vertically-aligned-center has-ast-global-color-5-background-color has-background is-layout-flex wp-container-core-columns-is-layout-c6bc58be wp-block-columns-is-layout-flex\" style=\"padding-top:0px;padding-right:0px;padding-bottom:0px;padding-left:0px\">\n<div class=\"wp-block-column is-vertically-aligned-center is-layout-flow wp-block-column-is-layout-flow\" style=\"padding-top:40px;padding-right:40px;padding-bottom:20px;padding-left:40px\">\n<h2 class=\"has-ast-global-color-2-color has-text-color wp-block-heading\" id=\"about-us\">HEAR FROM US<\/h2>\n\n\n\n<hr class=\"wp-block-separator has-text-color has-css-opacity has-background is-style-wide\"\/>\n\n\n\n<p class=\"has-ast-global-color-6-color has-text-color\">Subscribe to our newsletter using this form and be the first to know about latest discounts and new travel destinations <\/p>\n<\/div>\n\n\n\n<div class=\"wp-block-column is-vertically-aligned-center is-layout-flow wp-block-column-is-layout-flow\" style=\"padding-left:60px\"><\/div>\n<\/div>\n<\/div><\/div>\n","protected":false},"excerpt":{"rendered":"<p>DestInatIons CAPPADOCIA ANTALYA BODRUM \u0130ZM\u0130R \u0130STANBUL PAMUKKALE FETH\u0130YE PERGAMON TROIA EPHESUS MARMARIS<\/p>\n","protected":false},"author":3,"featured_media":0,"parent":0,"menu_order":0,"comment_status":"closed","ping_status":"closed","template":"","meta":{"site-sidebar-layout":"no-sidebar","site-content-layout":"plain-container","ast-site-content-layout":"default","site-content-style":"default","site-sidebar-style":"default","ast-global-header-display":"","ast-banner-title-visibility":"","ast-main-header-display":"","ast-hfb-above-header-display":"","ast-hfb-below-header-display":"","ast-hfb-mobile-header-display":"","site-post-title":"disabled","ast-breadcrumbs-content":"","ast-featured-img":"","footer-sml-layout":"","ast-disable-related-posts":"","theme-transparent-header-meta":"enabled","adv-header-id-meta":"","stick-header-meta":"","header-above-stick-meta":"","header-main-stick-meta":"","header-below-stick-meta":"","astra-migrate-meta-layouts":"default","ast-page-background-enabled":"default","ast-page-background-meta":{"desktop":{"background-color":"","background-image":"","background-repeat":"repeat","background-position":"center center","background-size":"auto","background-attachment":"scroll","background-type":"","background-media":"","overlay-type":"","overlay-color":"","overlay-opacity":"","overlay-gradient":""},"tablet":{"background-color":"","background-image":"","background-repeat":"repeat","background-position":"center center","background-size":"auto","background-attachment":"scroll","background-type":"","background-media":"","overlay-type":"","overlay-color":"","overlay-opacity":"","overlay-gradient":""},"mobile":{"background-color":"","background-image":"","background-repeat":"repeat","background-position":"center center","background-size":"auto","background-attachment":"scroll","background-type":"","background-media":"","overlay-type":"","overlay-color":"","overlay-opacity":"","overlay-gradient":""}},"ast-content-background-meta":{"desktop":{"background-color":"var(--ast-global-color-5)","background-image":"","background-repeat":"repeat","background-position":"center center","background-size":"auto","background-attachment":"scroll","background-type":"","background-media":"","overlay-type":"","overlay-color":"","overlay-opacity":"","overlay-gradient":""},"tablet":{"background-color":"var(--ast-global-color-5)","background-image":"","background-repeat":"repeat","background-position":"center center","background-size":"auto","background-attachment":"scroll","background-type":"","background-media":"","overlay-type":"","overlay-color":"","overlay-opacity":"","overlay-gradient":""},"mobile":{"background-color":"var(--ast-global-color-5)","background-image":"","background-repeat":"repeat","background-position":"center center","background-size":"auto","background-attachment":"scroll","background-type":"","background-media":"","overlay-type":"","overlay-color":"","overlay-opacity":"","overlay-gradient":""}},"footnotes":""},"class_list":["post-133","page","type-page","status-publish","hentry"],"_links":{"self":[{"href":"https:\/\/www.bravoturkey.com\/index.php?rest_route=\/wp\/v2\/pages\/133","targetHints":{"allow":["GET"]}}],"collection":[{"href":"https:\/\/www.bravoturkey.com\/index.php?rest_route=\/wp\/v2\/pages"}],"about":[{"href":"https:\/\/www.bravoturkey.com\/index.php?rest_route=\/wp\/v2\/types\/page"}],"author":[{"embeddable":true,"href":"https:\/\/www.bravoturkey.com\/index.php?rest_route=\/wp\/v2\/users\/3"}],"replies":[{"embeddable":true,"href":"https:\/\/www.bravoturkey.com\/index.php?rest_route=%2Fwp%2Fv2%2Fcomments&post=133"}],"version-history":[{"count":80,"href":"https:\/\/www.bravoturkey.com\/index.php?rest_route=\/wp\/v2\/pages\/133\/revisions"}],"predecessor-version":[{"id":609,"href":"https:\/\/www.bravoturkey.com\/index.php?rest_route=\/wp\/v2\/pages\/133\/revisions\/609"}],"wp:attachment":[{"href":"https:\/\/www.bravoturkey.com\/index.php?rest_route=%2Fwp%2Fv2%2Fmedia&parent=133"}],"curies":[{"name":"wp","href":"https:\/\/api.w.org\/{rel}","templated":true}]}}